termine n(-68).
4
Let x(o) = o**2 + 9*o - 200. Give x(12).
52
Let z(q) = -6*q**2 + 16*q + 17. What is z(8)?
-239
Let k(z) = 16*z - 583. What is k(46)?
153
Let n(h) = h**3 - 8*h**2 - 4*h - 69. Calculate n(9).
-24
Let d(p) = -2*p**2 + 18*p - 54. Calculate d(0).
-54
Let w(j) = j**2 + 59*j - 17765. Determine w(-166).
-3
Let u(r) = -117*r + 230. Calculate u(2).
-4
Let d(q) = -q**2 + 58*q - 702. Give d(41).
-5
Let y(q) = q**3 + 7*q**2 - 47*q - 216. Give y(-9).
45
Let t(p) = 1468*p + 8811. Calculate t(-6).
3
Let n(d) = d**2 - 1881*d + 20564. What is n(11)?
-6
Let d(p) = p**2 + 8*p - 28. Give d(-14).
56
Let n(z) = -2*z**2 + 85*z - 118. What is n(38)?
224
Let w(t) = 12*t**2 - 120*t - 7. Determine w(10).
-7
Let u(z) = 863*z - 864. Give u(1).
-1
Let z(l) = 4431*l - 8883. What is z(2)?
-21
Let o(a) = 158*a + 1922. Calculate o(-12).
26
Let m(s) = 75*s**2 - 152*s + 5. Give m(2).
1
Let v(t) = 1016*t - 8055. Determine v(8).
73
Let w(t) = -t**3 - 44*t**2 - 54*t + 2815. Determine w(-41).
-14
Let n(y) = -y**3 - 7*y**2 + 9*y + 35. What is n(-9)?
116
Let v(t) = -t**2 - 519*t + 5793. Determine v(11).
-37
Let r(w) = 6*w**2 + 32*w + 99. Give r(-3).
57
Let s(w) = -w**3 - 25*w**2 - 13*w + 50. What is s(-24)?
-214
Let o(v) = -v**3 - 48*v**2 + 51*v + 75. Determine o(-49).
-23
Let b(p) = -295*p + 579. Give b(2).
-11
Let f(j) = 2*j**3 + 28*j**2 - 25*j - 6. Determine f(-15).
-81
Let z(m) = m**2 - 5*m + 40. What is z(-24)?
736
Let f(q) = -q**3 + 63. What is f(4)?
-1
Let t(f) = -f**2 + 54*f - 421. Determine t(11).
52
Let j(t) = -15*t - 602. Calculate j(-38).
-32
Let s(w) = w**2 + 19*w - 321. Calculate s(-30).
9
Let t(q) = -q**3 - q**2 + 6*q - 1. Determine t(2).
-1
Let u(v) = -93*v - 98. Determine u(-1).
-5
Let h(c) = -219*c + 1114. Calculate h(5).
19
Let f(c) = 113*c + 2774. Give f(-25).
-51
Let n(f) = f**3 + 24*f**2 + 50*f - 34. What is n(-22)?
-166
Let r(k) = -3*k**2 + 60*k + 1290. Determine r(33).
3
Let g(u) = u**2 - 125*u + 3828. Give g(73).
32
Let k(n) = 543*n + 1099. Give k(-2).
13
Let o(h) = -41*h**2 + 399*h + 115. Give o(10).
5
Let t(o) = 246*o**2 + 4410*o - 317. Give t(-18).
7
Let k(u) = -u**2 - 71*u + 353. What is k(-76)?
-27
Let c(l) = 17*l + 43. Calculate c(-5).
-42
Let x(b) = -b**3 - 25*b**2 - 50*b - 1255. Determine x(-25).
-5
Let o(v) = -8*v**2 + 258*v - 3. Give o(0).
-3
Let i(x) = x**3 + 359*x**2 + 18180*x + 605. What is i(-298)?
9
Let w(j) = 2*j**3 - 7*j**2 + 34*j - 168. Give w(4).
-16
Let l(n) = n**2 + 14*n + 46. Determine l(6).
166
Let a(u) = 980*u + 4925. Give a(-5).
25
Let q(n) = 2*n**2 - 15*n - 747. Calculate q(-16).
5
Let v(m) = 124*m - 1263. Determine v(9).
-147
Let b(a) = -a**2 + 6*a - 76. Give b(0).
-76
Let u(w) = -w**3 + 3*w**2 + 34*w - 17. Calculate u(8).
-65
Let x(a) = -a**3 + 21*a**2 - 21*a + 6. Calculate x(20).
-14
Let z(u) = -u**2 - 32*u + 200. What is z(-35)?
95
Let r(b) = -3*b**2 + 115*b - 125. What is r(37)?
23
Let c(p) = p**3 - 99*p**2 - 855*p - 103. Calculate c(107).
4
Let o(h) = -38*h + 6. Give o(6).
-222
Let t(i) = -9*i**2 - 41*i + 82. Give t(-6).
4
Let c(b) = -2*b**3 + 70*b**2 + 69*b + 57. Determine c(36).
-51
Let r(k) = 63*k + 348. What is r(-5)?
33
Let a(k) = 4*k**3 - k**2 - 8*k - 6. Determine a(-3).
-99
Let h(o) = -49*o - 358. Calculate h(-9).
83
Let w(r) = 26*r + 2635. Give w(-98).
87
Let j(o) = -834*o**3 + 4*o**2 + 127*o - 130. Determine j(1).
-833
Let w(q) = -4*q**2 - 39*q + 84. Determine w(-13).
-85
Let y(v) = 42*v**2 - 2*v - 8. Calculate y(-2).
164
Let t(r) = 204*r + 239. Calculate t(-2).
-169
Let c(x) = -144*x**2 + 38*x - 37. What is c(1)?
-143
Let v(k) = -5*k**2 - 10*k - 52. Calculate v(-3).
-67
Let k(t) = -2*t**2 + 212*t + 3826. Calculate k(-16).
-78
Let y(s) = -14*s**2 - 173*s + 8. What is y(-12)?
68
Let o(h) = 3*h**2 - 27*h - 1. Calculate o(6).
-55
Let i(q) = 208*q - 29330. Give i(141).
-2
Let d(j) = -5*j**2 + 8*j + 11. Determine d(-3).
-58
Let r(a) = -a**3 - 9*a**2 - 50*a - 370. Give r(-8).
-34
Let g(o) = -64*o + 538. What is g(9)?
-38
Let p(n) = n**3 - 26*n**2 + 172*n - 230. Determine p(8).
-6
Let x(c) = -4*c**3 - 29*c**2 - 10*c + 8. Determine x(-7).
29
Let q(a) = -32*a + 250. Determine q(7).
26
Let v(g) = -2*g**2 - 26*g + 3. Calculate v(-11).
47
Let n(z) = -5*z**3 + 1150*z**2 + 25*z - 5752. What is n(230)?
-2
Let z(d) = -2*d**2 + 35*d + 45. What is z(18)?
27
Let r(q) = -15087*q + 60335. Give r(4).
-13
Let q(x) = x**3 + 26*x**2 - 35*x - 210. Determine q(-27).
6
Let a(x) = 162*x + 986. Give a(-6).
14
Let s(l) = 81*l**2 - 194*l + 575. Determine s(3).
722
Let n(r) = -554*r - 28837. Determine n(-52).
-29
Let s(o) = 404*o - 91325. What is s(226)?
-21
Let x(s) = -7*s**2 - 21*s + 2. What is x(-4)?
-26
Let h(d) = -d**3 + 7*d**2 + 15*d - 71. Give h(7).
34
Let u(o) = o**2 - 52*o + 469. Give u(11).
18
Let w(d) = -11*d**2 + 77*d + 45. What is w(8)?
-43
Let b(l) = 270*l - 3998. Calculate b(15).
52
Let p(i) = -200*i**2 - 2218*i - 178. Determine p(-11).
20
Let c(i) = 2*i**3 - 20*i**2 + 122*i - 1224. Determine c(10).
-4
Let i(p) = -6*p**2 - 34*p + 251. What is i(-10)?
-9
Let t(w) = w**3 + 52*w**2 - 105*w + 155. Calculate t(-54).
-7
Let g(l) = -1315*l**2 - 11*l + 4. Determine g(1).
-1322
Let z(l) = l**3 - 13*l**2 + 19*l - 27. What is z(7)?
-188
Let c(g) = 71*g - 118. Determine c(2).
24
Let q(w) = w**2 + 156*w - 942. What is q(6)?
30
Let a(h) = -41*h + 6407. Give a(156).
11
Let q(f) = 147*f - 1477. Calculate q(10).
-7
Let p(k) = -15*k + 184. Determine p(-10).
334
Let n(z) = -3*z**2 - 352*z + 521. Give n(-119).
-74
Let p(n) = 119*n - 1446. What is p(11)?
-137
Let b(v) = -222*v + 3545. Calculate b(16).
-7
Let n(h) = 21*h - 1936. Calculate n(83).
-193
Let z(t) = -t**2 - 10*t + 76. Calculate z(-12).
52
Let j(u) = -u**3 - 11*u**2 + 30*u - 14. Calculate j(-13).
-66
Let f(r) = -76*r + 73. Determine f(1).
-3
Let j(l) = -11*l**2 + 20*l - 34. Give j(4).
-130
Let c(l) = -l**3 - 2*l**2 + 34*l - 8. Calculate c(-7).
-1
Let y(f) = -10*f**2 - 118*f - 89. Calculate y(-11).
-1
Let u(c) = -2*c**3 + 4*c**2 + 8*c - 17. Determine u(4).
-49
Let g(y) = y**2 - 4154*y - 45797. What is g(-11)?
18
Let u(i) = -4448*i + 62284. What is u(14)?
12
Let y(h) = -h**3 + 20*h**2 + 1836*h + 23. Calculate y(-34).
23
Let a(y) = y**3 + 36*y**2 + 2*y + 102. Calculate a(-36).
30
Let y(g) = 21*g**2 - 12*g - 22. What is y(-2)?
86
Let l(h) = -h**2 + 18*h + 208. Give l(31).
-195
Let v(h) = -113*h + 10740. Determine v(95).
5
Let q(n) = 14*n - 44. Determine q(0).
-44
Let u(i) = -55*i + 214. Determine u(4).
-6
Let z(n) = 7*n**2 + 76. Calculate z(-6).
328
Let h(w) = -w**3 + 47*w**2 + 1618*w + 184. Give h(-23).
0
Let b(a) = a**2 - 153*a - 3850. What is b(-22)?
0
Let z(k) = 9*k**2 - 8*k + 3. What is z(2)?
23
Let p(z) = z**3 + 7*z**2 - 2*z - 37. Calculate p(-6).
11
Let v(i) = 5*i**3 - 30*i**2 - 2*i - 14. Calculate v(6).
-26
Let k(b) = 3*b**2 - b - 84. Determine k(0).
-84
Let u(o) = 499*o + 4994. What is u(-10)?
4
Let r(d) = d**2 + 68*d + 1048. What is r(-45)?
13
Let j(y) = -5*y - 31. Determine j(-1).
-26
Let i(f) = -70*f - 84. Determine i(-6).
336
Let t(x) = -28*x**3 + 3*x**2 + 15*x + 3. Give t(-2).
209
Let x(q) = -13*q**2 - 58*q - 9. Give x(-5).
-44
Let l(r) = -129*r**2 + 1675*r + 13. What is l(13)?
-13
Let o(v) = -2*v**2 + 1227*v - 6079. Determine o(5).
6
Let c(v) = -v**3 - 45*v**2 - 49*v - 99. Calculate c(-44).
121
Let b(v) = -62*v - 4168. Give b(-67).
-14
Let s(u) = u**2 - 39*u + 159. Give s(24).
-201
Let f(m) = m**2 - 26*m - 123. What is f(31)?
32
Let j(s) = 2*s**3 + 261*s**2 - 401*s - 656. What is j(-132)?
4
Let a(k) = k**2 + 66*k + 722. Determine a(-10).
162
Let f(d) = -65*d - 106. Give f(-8).
414
Let m(s) = 5*s**3 + 147*s**2 - 493*s + 14. What is m(3)?
-7
Let q(v) = -945*v - 947. Give q(-1).
-2
Let n(h) = h**3 - 7*h**2 - 78*h + 11. Calculate n(-6).
11
Let l(p) = p**3 - 166*p**2 + 6882*p + 494. Determine l(82).
2
Let z(u) = 34*u - 2271. Calculate z(66).
-27
Let q(z) = 113*z - 1546. Give q(14).
36
Let d(z) = -792*z - 7177. Give d(-9).
-49
Let x(q) = -q**3 - 6*q**2 - 4*q - 5. What is x(-3)?
-20
Let a(y) = -456*y + 891. Calculate a(2).
-21
Let v(q) = -43788*q + 218944. What is v(5)?
4
Let w(s) = 2279*s + 20506. Give w(-9).
-5
Let g(f) = -361*f - 9860. Determine g(-27).
-113
Let z(o) = -2*o**2 + 21*o - 32. Give z(9).
-5
Let x(b) = 293*b - 4968. What is x(17)?
13
Let c(j) = 2*j**2 + 37*j